lculate the greatest common factor of g and r.
13
Let u be (-178)/(-3) - 2/6. Let d = 118 - u. Suppose q + 11 = d. Calculate the highest common factor of 6 and q.
6
Suppose -35 = -2*r + 3*b, 0*b - 4*b + 76 = 5*r. Let m be 4/r*2*-2. Let q be (-6)/m*5 - -4. What is the highest common divisor of q and 51?
17
Suppose 0 = 13*g - 15*g + 748. What is the highest common divisor of g and 22?
22
Suppose -t - 735 = -5*j + 354, -3*j = 2*t - 643. Let q = 65 - 27. Let o = -7 + q. What is the greatest common factor of j and o?
31
Suppose -r = 6*r - 189. Let q be 4109/63 - (1 + (-21)/r). Calculate the greatest common factor of q and 13.
13
Let r be (2 + -3)*0 + 2/1. Suppose -4*g + 16 = -0*g, -z + r*g = -38. What is the greatest common divisor of 138 and z?
46
Suppose 0 = v - 123 - 37. Suppose -d - v = -5*t, 3*d + 128 = 4*t + d. What is the greatest common divisor of 2 and t?
2
Let d be 7 + -5 + 53 + -6. Calculate the greatest common divisor of 14 and d.
7
Suppose -2*m + i + 21 = 0, 0 = -4*m - 0*i - i + 27. Suppose m*a + 211 = 979. What is the greatest common divisor of a and 32?
32
Let d(k) = 22*k - 2. Let q be d(5). Let i be 10 - (-1 + 2/(-2)). What is the greatest common factor of i and q?
12
Suppose -3248 = -30*y + 2422. What is the highest common factor of 21 and y?
21
Suppose 2*v + 13 = 15, -2*a + 693 = -3*v. What is the highest common factor of 36 and a?
12
Suppose 0 = -95*q + 6302 + 5858. Calculate the highest common factor of q and 320.
64
Let r = 3408 - 3397. Suppose 0 = -5*t + q - 3*q + 497, 0 = -4*t + 3*q + 393. What is the greatest common divisor of t and r?
11
Let y = -1782 + 2287. What is the highest common divisor of 5 and y?
5
Let j be (-6)/(-10) + 102/30. Let q(n) = 3*n**3 - 11*n**2 + 5*n + 4. Let o be q(j). What is the highest common divisor of o and 8?
8
Suppose -4*g - 3*f = -90, -9*f = 5*g - 6*f - 111. What is the highest common divisor of g and 3?
3
Let v be (-3)/(-1) + 462 + -10. Calculate the greatest common divisor of 91 and v.
91
Let l be 5/(385/(-1716))*(-7)/2. Let s(f) = -f**2 - f + 39. Let r be s(0). Calculate the greatest common divisor of l and r.
39
Suppose -9*l = -307 - 152. Let u = 61 - l. Calculate the greatest common divisor of 50 and u.
10
Let a(s) = s**3 + 11*s**2 - s - 21. Let z be a(-7). What is the greatest common factor of z and 78?
26
Let m(n) = 9*n - 6. Let q be m(5). Suppose -3*r + 3*d + 597 = 0, -d = 24*r - 22*r - 386. Calculate the greatest common divisor of r and q.
39
Let b = -42 + 48. Let g(v) = v**3 - 5*v**2 + 9*v + 10. Let c be g(b). Calculate the highest common factor of 20 and c.
20
Suppose -4 = 5*m - 3*m. Let s = 17 + m. Calculate the highest common divisor of s and 120.
15
Suppose 6 = -5*q + 31. Suppose q*v = -78 - 82. Let n = 8 - v. What is the highest common divisor of 10 and n?
10
Let p be 5/1*1/1. Let l(z) = -z**2 - 7*z + 24. Let c be l(-8). Suppose -p*o + c = -o. Calculate the highest common factor of o and 36.
4
Let d(r) = -r**3 + 2*r**2 + 14*r + 10. Let c be d(-4). What is the highest common divisor of c and 75?
25
Let k = -20 + 17. Let i(m) = 14*m**2 - 6*m - 8. Let r be i(k). What is the highest common factor of 17 and r?
17
Suppose -6*w + w = 40. Let q(a) = -15*a - 10. Let z be q(w). Suppose 3*c - 88 = z. What is the highest common divisor of c and 6?
6
Suppose -165 - 618 = -3*c. Calculate the highest common divisor of c and 29.
29
Let d be 1 - 6*(-2)/3. Let u = -8 + 11. Let x(z) = 2*z - 4. Let w be x(u). Calculate the greatest common factor of d and w.
1
Let l be 4/(-3)*3/(-2). Suppose 31 + 99 = 5*h + 4*b, 2*h + b - 49 = 0. What is the greatest common divisor of l and h?
2
Let y(q) = 16*q**2 + 34*q - 259. Let w be y(11). Calculate the highest common divisor of 7 and w.
7
Let y(u) = u**2 - 4. Let o be y(-2). Suppose d - 150 = -o*d - 2*n, -3 = -n. Calculate the highest common factor of d and 16.
16
Let r = 452 - 287. Suppose 0 = 2*w - 4*g - 68, -5*g = -7*w + 2*w + r. Calculate the highest common divisor of w and 40.
8
Let o = -45 - -53. Suppose -5*b + 3*s - 5*s = -o, 4*b = -2*s + 6. What is the highest common divisor of 16 and b?
2
Let x(m) = m**2 - 9*m - 7. Let r be ((-12)/16)/(3/(-48)). Let h be x(r). Suppose -h = -4*o + 155. Calculate the highest common factor of o and 23.
23
Suppose 0 = -144*u + 146*u - 8. Suppose -8 = -3*p - p, -3*n - p = -5. Let l = u + n. Calculate the greatest common factor of l and 25.
5
Let c be -8*(-20 + 0/(-3)). Suppose -c = t - 5*t. Suppose 1 = -2*f - 7, 5*f + 15 = -d. What is the highest common divisor of d and t?
5
Let y = 39 - 33. Suppose k - 6 = -d, 6 + y = -4*k. Calculate the greatest common factor of d and 1.
1
Let k = -56 - -1253. Calculate the highest common divisor of k and 57.
57
Let i = 355 - 85. What is the highest common divisor of 20 and i?
10
Suppose -84 = -8*a + 2*a. What is the greatest common divisor of 98 and a?
14
Let p = -379 + 390. What is the greatest common divisor of 165 and p?
11
Suppose -6*v = -v + 2*r - 104, 3*r + 119 = 5*v. Suppose l + 2*t + 74 = 0, 4*t = -6 - 6. Let f = -35 - l. What is the greatest common factor of f and v?
11
Let i = -585 + 615. Calculate the greatest common divisor of i and 1590.
30
Let b be (0 + (-27)/(-4))/(9/24). Calculate the highest common divisor of b and 396.
18
Let b be (-16 - -20) + (1 - 0 - -198). Calculate the greatest common factor of 29 and b.
29
Let q = 85 + 14. Calculate the highest common divisor of q and 18.
9
Suppose -6*g = -5*q - 2*g + 683, 3*q + 4*g = 397. Calculate the highest common factor of q and 27.
27
Let u = 116 - 32. Let b = u + -48. Suppose 4*h = -s + 13, 6 = 4*h - h + 2*s. What is the greatest common divisor of b and h?
4
Let z be (-2 + 1)*6*4/12. Let u be ((-116)/(-16) + -6)*(-144)/z. What is the greatest common divisor of u and 135?
45
Suppose -261 + 801 = 5*u. Suppose -12 = -2*r - 3*i, 3*i - 16 = 3*r - i. Suppose r = -3*b - 13 + 4, o - 9 = -b. What is the greatest common divisor of o and u?
12
Let i be (-11)/(550/(-13230)) + (-4)/(-10). Calculate the greatest common divisor of 53 and i.
53
Let d be (80/24 + -3)*21. Let p = -4 + 18. Calculate the greatest common divisor of p and d.
7
Let j be ((-8)/(-24))/(1/6). Let k(g) = g**3 + 25*g**2 + 22*g - 34. Let z be k(-24). What is the highest common divisor of j and z?
2
Let y = -215 + 514. Calculate the highest common divisor of y and 91.
13
Let m(z) = z**2 - 5*z - 18. Let b = 27 - 19. Let u be m(b). Calculate the highest common factor of 4 and u.
2
Suppose 20972*r - 20975*r + 12 = -21. Let o be ((-4)/(-10))/((-2)/(-10)). Let y = 9 + o. Calculate the greatest common divisor of y and r.
11
Let s be (-222)/(-185)*275/3. Let o be ((-8)/(-6))/(4/6). Suppose o*d - 21 = 1. What is the highest common factor of s and d?
11
Let i(o) = o**2 + 4*o - 1. Let p be i(-5). Suppose -g + 105 = p*k + 2*g, -g + 115 = 4*k. Let u = k - 7. What is the highest common divisor of u and 161?
23
Suppose -3*v - 4 = -4*o - o, v + 5*o = 12. Let h(g) be the first derivative of -9*g**2 - 1. Let j be h(-1). Calculate the highest common divisor of j and v.
2
Suppose -2*i - 4*b = -126, 0 = -2*i + 3*b + 14 + 91. Let p = 20 + -13. Suppose -4*u + p*u = 9, u = 5*j - i. What is the greatest common divisor of j and 30?
6
Let t be 14/84*0 + 11*3. Suppose 4*j - 67 = -d + 81, -3*d = -4*j - 380. What is the highest common factor of d and t?
33
Let s(y) = 18*y**2 + 3*y + 1. Let f be s(-3). Suppose 592 = 26*k + 20. Calculate the highest common divisor of k and f.
22
Let k(m) = -2*m**3 - 23*m**2 - 22*m - 57. Let v be k(-11). What is the highest common divisor of 368 and v?
16
Let h(c) = 2*c - 6*c + 2*c + 9. Let p be h(-3). Calculate the greatest common divisor of 15 and p.
15
Let h(n) = -n**3 - 2*n**2 + 7*n - 10. Suppose -d + q + q = 15, 5*d + 3*q + 10 = 0. Let j be h(d). Calculate the highest common factor of 20 and j.
10
Let x be (0/(-10) - -1)*27. Calculate the highest common divisor of x and 594.
27
Suppose 342 = 197*q - 178*q. What is the highest common factor of 972 and q?
18
Suppose 0 = -5*d - 2*g + 13 + 3, 2*d = 2*g + 12. Let c be 2*(-12)/2 + d. Let q = 26 + c. What is the highest common divisor of 36 and q?
18
Let f = 39 + 186. What is the greatest common factor of 18 and f?
9
Let z be -45 - (-2 + 2 + 1). Let v be 12/(-42) - z/14. Suppose -2*t = 3*j - 69, 2*j - 45 = -t - v*j. 